{"id":39,"date":"2025-06-03T17:29:17","date_gmt":"2025-06-03T15:29:17","guid":{"rendered":"https:\/\/firstlovetattoo.de\/?page_id=39"},"modified":"2025-06-03T20:38:12","modified_gmt":"2025-06-03T18:38:12","slug":"artist","status":"publish","type":"page","link":"https:\/\/firstlovetattoo.de\/?page_id=39","title":{"rendered":"Artist"},"content":{"rendered":"\n<div class=\"wp-block-cover is-light has-custom-content-position is-position-bottom-center wp-duotone-unset-1\"><img loading=\"lazy\" decoding=\"async\" width=\"812\" height=\"1024\" class=\"wp-block-cover__image-background wp-image-47 size-large\" alt=\"\" src=\"https:\/\/firstlovetattoo.de\/wp-content\/uploads\/2025\/06\/artist-axel-sw-812x1024.jpg\" data-object-fit=\"cover\" srcset=\"https:\/\/firstlovetattoo.de\/wp-content\/uploads\/2025\/06\/artist-axel-sw-812x1024.jpg 812w, https:\/\/firstlovetattoo.de\/wp-content\/uploads\/2025\/06\/artist-axel-sw-238x300.jpg 238w, https:\/\/firstlovetattoo.de\/wp-content\/uploads\/2025\/06\/artist-axel-sw-768x969.jpg 768w, https:\/\/firstlovetattoo.de\/wp-content\/uploads\/2025\/06\/artist-axel-sw.jpg 1179w\" sizes=\"auto, (max-width: 812px) 100vw, 812px\" \/><span aria-hidden=\"true\" class=\"wp-block-cover__background has-background-dim\" style=\"background-color:#a5a5a5\"><\/span><div class=\"wp-block-cover__inner-container has-global-padding is-layout-constrained wp-block-cover-is-layout-constrained\">\n<p class=\"has-text-align-right has-large-font-size\"><strong>Axel<\/strong><\/p>\n<\/div><\/div>\n\n\n\n<p class=\"has-text-align-left\">Ich bin Axel, Jahrgang 1990, geboren und aufgewachsen in M\u00fcnchberg. Bevor ich den Weg in die Tattoo-Branche eingeschlagen habe, war ich als examinierter Krankenpfleger t\u00e4tig. Die Faszination f\u00fcr T\u00e4towierungen begleitet mich allerdings schon lange \u2013 erste Tattoos habe ich in meiner Jugend meinen Freunden gestochen.<\/p>\n\n\n\n<p class=\"has-text-align-left\">2020 begann ich meine Ausbildung bei <strong>Black Rose Ink<\/strong> in Bayreuth. Dort konnte ich mein handwerkliches K\u00f6nnen und mein gestalterisches Verst\u00e4ndnis gezielt weiterentwickeln. Anschlie\u00dfend war ich als Resident Artist bei<strong> Tintent Tattoo<\/strong> t\u00e4tig, bevor ich 2025 dieses Studio in M\u00fcnchberg er\u00f6ffnet habe.<\/p>\n\n\n\n<p class=\"has-text-align-left\">Mein Schwerpunkt liegt auf <strong>Black and Grey Tattoos<\/strong> \u2013 reduziert auf das Wesentliche, mit Fokus auf Kontraste, Tiefe und Ausdruck. Ich arbeite detailgenau, sauber und lege gro\u00dfen Wert auf individuelle Beratung. Jedes Motiv wird gemeinsam mit dir entwickelt und an deine Vorstellungen angepasst.<\/p>\n\n\n\n<p class=\"has-text-align-left\">In meinem Studio stehen Qualit\u00e4t, Pr\u00e4zision und eine professionelle Arbeitsweise im Vordergrund. Ich nehme mir Zeit f\u00fcr jedes Projekt \u2013 vom ersten Gespr\u00e4ch bis zum fertigen Tattoo.<\/p>\n\n\n\n<p>Wenn du Interesse hast, melde dich gern bei mir.<\/p>\n","protected":false},"excerpt":{"rendered":"<p>Ich bin Axel, Jahrgang 1990, geboren und aufgewachsen in M\u00fcnchberg. Bevor ich den Weg in die Tattoo-Branche eingeschlagen habe, war ich als examinierter Krankenpfleger t\u00e4tig. Die Faszination f\u00fcr T\u00e4towierungen begleitet mich allerdings schon lange \u2013 erste Tattoos habe ich in meiner Jugend meinen Freunden gestochen. 2020 begann ich meine Ausbildung bei Black Rose Ink in [&hellip;]<\/p>\n","protected":false},"author":1,"featured_media":0,"parent":0,"menu_order":0,"comment_status":"closed","ping_status":"closed","template":"","meta":{"footnotes":""},"class_list":["post-39","page","type-page","status-publish","hentry"],"_links":{"self":[{"href":"https:\/\/firstlovetattoo.de\/index.php?rest_route=\/wp\/v2\/pages\/39","targetHints":{"allow":["GET"]}}],"collection":[{"href":"https:\/\/firstlovetattoo.de\/index.php?rest_route=\/wp\/v2\/pages"}],"about":[{"href":"https:\/\/firstlovetattoo.de\/index.php?rest_route=\/wp\/v2\/types\/page"}],"author":[{"embeddable":true,"href":"https:\/\/firstlovetattoo.de\/index.php?rest_route=\/wp\/v2\/users\/1"}],"replies":[{"embeddable":true,"href":"https:\/\/firstlovetattoo.de\/index.php?rest_route=%2Fwp%2Fv2%2Fcomments&post=39"}],"version-history":[{"count":4,"href":"https:\/\/firstlovetattoo.de\/index.php?rest_route=\/wp\/v2\/pages\/39\/revisions"}],"predecessor-version":[{"id":94,"href":"https:\/\/firstlovetattoo.de\/index.php?rest_route=\/wp\/v2\/pages\/39\/revisions\/94"}],"wp:attachment":[{"href":"https:\/\/firstlovetattoo.de\/index.php?rest_route=%2Fwp%2Fv2%2Fmedia&parent=39"}],"curies":[{"name":"wp","href":"https:\/\/api.w.org\/{rel}","templated":true}]}}